ed by 12.
10
Suppose 10*d + 1340 = 2480. Let h = -41 + 70. Calculate the remainder when d is divided by h.
27
Suppose -5*p - 8 + 18 = 0. Suppose -3*n + 10 = -p*s, 4*n + s - 22 = n. What is the remainder when 23 is divided by n?
5
Let x be ((-2)/(-3))/((-14)/2877). Let v = -95 - x. What is the remainder when v is divided by 12?
6
Let o = 142 - 57. Suppose -2*z + 150 = -5*z. Let r = o + z. Calculate the remainder when r is divided by 12.
11
Suppose 5*l + 261 + 17 = i, 2*i + 269 = -5*l. Calculate the remainder when 89 is divided by (-10)/(-15) - (l/3 + 0).
13
Let d be 32/6 + -4*4/(-24). Suppose -60 = -d*l + 138. What is the remainder when 62 is divided by l?
29
Suppose -4*i + 160 = 5*a, -5*a = -115 + 95. What is the remainder when 628 is divided by i?
33
Calculate the remainder when ((-304)/(-4))/4 + 2 is divided by 7.
0
Suppose 0 = -3*d - 0*b - b, d = -4*b. Suppose l - 2 + d = 0. Suppose 2*a + 2 = j, 0 = -2*j - 2*a + 2 + l. What is the remainder when 6 is divided by j?
0
Suppose 6*p - 508 = -2*n + 5*p, 0 = 5*n - p - 1263. Calculate the remainder when n is divided by 71.
40
Suppose 0 = -0*l - 2*l. Suppose l*n - 2*n = -4. Suppose 58 = -0*b + n*b - 4*y, 0 = -4*b - 2*y + 86. Calculate the remainder when b is divided by 13.
10
Let a(j) = j**2 - 15*j - 180. Calculate the remainder when 111 is divided by a(-9).
3
Let t be 147/(-18) + 1/6. Calculate the remainder when 10 is divided by (1 - 4)*1 - t.
0
Let u be 101/(-4) + (1 - 14/8). Let z = u - -55. Calculate the remainder when 1034/12 - (-1)/(-6) is divided by z.
28
Suppose 127 = 6*j - 5. Let d = 45 - j. What is the remainder when d is divided by 12?
11
Let s(c) = -c**3 + 21*c**2 + 2*c - 24. What is the remainder when s(21) is divided by (-184)/(-18) - (-2)/(-9)?
8
Let s(k) = -k**2 + 2. Let c be s(0). Suppose 0 = c*w + w - 45. Suppose 8*x + 406 = 15*x. Calculate the remainder when x is divided by w.
13
Suppose 4*q = 4*k + 8, -5*q = -6*q - k - 4. Let g(n) = 202*n**2 - n. Let l be g(q). Suppose 3*u - l = 4. Calculate the remainder when u is divided by 35.
34
Let s(y) = y**3 - y + 3. Let r be s(0). Suppose -12 = -4*m, -8*t + r*t = -3*m - 16. Calculate the remainder when t is divided by 2.
1
Let f(w) = -64*w - 21. Let a be f(5). Let g = a + 478. What is the remainder when g is divided by 24?
17
Let d(l) = l**2 + 3*l - 13. Let v be d(-6). Let g = v + -7. What is the remainder when 5 is divided by 5/1 + (g - 0)?
2
Let u(z) = 50*z + 1. Let q(x) = -x**3 + 7*x**2 - 10. Let n be q(7). Calculate the remainder when u(1) is divided by ((52/n)/(-1))/(4/10).
12
Suppose 5*w + 60 = 5*i, 4*w + 36 = 2*i + 6*w. Suppose i*j = 17*j - 36. Calculate the remainder when 51 is divided by j.
15
Suppose 6*y = 25 + 53. What is the remainder when 49 is divided by y?
10
Let l = 946 - 866. Calculate the remainder when l is divided by 17.
12
Suppose -3*g - 5*j = -58, -4*g + 3*g = -j - 14. Calculate the remainder when (1/1)/((-2)/(-58)) is divided by g.
13
Let s be (-9)/(-12)*(-32)/(-4). Suppose 5*x = o - s, -32 = -3*o + 2*x - x. What is the remainder when (-2)/6 - 376/(-12) is divided by o?
9
Let j(n) = n**2 - 8*n - 167. What is the remainder when j(19) is divided by 10?
2
Suppose -37 - 221 = -3*w. Calculate the remainder when w is divided by 11660/(-1590)*(0 + -3).
20
Let w be -3 + (2 - 2) + 2. Let l be 1/w*-2 + 0. Suppose -l*i + 37 + 105 = 0. What is the remainder when i is divided by 24?
23
Let n = -20 + 22. Suppose 3*j - 36 = 3*a + n*a, -a - 4*j + 2 = 0. What is the remainder when 12 is divided by (51/34)/(a/(-16))?
0
Suppose -5*q + 301 + 114 = 0. What is the remainder when q is divided by 7524/528 + (-1)/4?
13
Let y = 114 + -78. Suppose -2*q + 268 = y. Calculate the remainder when q is divided by 40.
36
Suppose 0 = -2*c + c + 9. What is the remainder when (c/3 - 20)*-1 is divided by (-14)/(-7)*(-10)/(-4)?
2
Let x(r) = -r**2 + 23*r + 90. What is the remainder when x(20) is divided by 32?
22
Suppose 6*n - 4*n = 6. Suppose n*s - 238 + 64 = 0. What is the remainder when s is divided by 22?
14
What is the remainder when 102 is divided by (-2)/(3/(-24)*4)?
2
Suppose -41*h + 8*h + 495 = 0. Calculate the remainder when 284 is divided by h.
14
Let h(r) = 29*r**2 - 4*r - 12. Calculate the remainder when h(-2) is divided by 62.
50
Suppose -25*z + 23*z + 10 = 0. Suppose 4*q - 175 = -5*t + 8*q, 2*q + 175 = z*t. Suppose 3*n - 88 = 323. Calculate the remainder when n is divided by t.
32
Suppose 3*w + 21 = 6*q - 3*q, -w = 5. Suppose -433 - 31 = -4*l + 2*s, 2*l + q*s - 220 = 0. What is the remainder when l is divided by ((-39)/4)/(2/(-8))?
36
Let q = -3 + -4. Let x = -3 - q. Suppose 5*b - 51 = -x*o, -o - 56 = -5*o - 4*b. Calculate the remainder when 74 is divided by o.
17
Suppose 512 = 4*h + 3*m + m, -h - 5*m = -120. What is the remainder when 389 is divided by h?
129
Let m(s) = s**3 + 6*s**2 - 2*s - 9. Let x be m(-6). Suppose 4*v = x*v - 70. Calculate the remainder when 72 is divided by 2/(-5) + (-1078)/v.
12
Suppose -2*c - 10 = -3*v + 39, -2*v - 2*c = -46. What is the remainder when v is divided by 44/6*(-33)/(-22)?
8
Suppose -4*p + 17 = -5*v, 0 = -2*v + 5*p - 2*p - 11. Suppose 2*o - 3*z + 6*z + 4 = 0, 0 = -z - 4. Calculate the remainder when v/(-3)*(1 - -14) is divided by o.
1
Let o(z) = -z**2 + 13*z - 12. Calculate the remainder when -1*3/(5/(-230)*3) is divided by o(9).
22
Let p(s) = 7*s**2 + 7*s + 24. Suppose -25*a + 20*a = 15. What is the remainder when 130 is divided by p(a)?
64
Let x(a) = -a**3 - 8*a**2 + 80*a + 27. What is the remainder when 88 is divided by x(-14)?
5
What is the remainder when (-254)/3*36/(-8) is divided by 43?
37
Suppose 78*p = 75*p + 66. What is the remainder when p is divided by 8?
6
Suppose 4*m - 5*m = 4*g - 40, -2*g - 124 = -4*m. Let d(l) = 2*l**2 + 49 - 48 + 6*l - l**2. Calculate the remainder when m is divided by d(-8).
15
Let k(h) = 120*h**2 + 7*h - 10. Let i be k(2). Suppose 240 = 2*l - n, l - 3*n = -3*l + i. Calculate the remainder when l is divided by 24.
22
Let d = 143 - 138. Calculate the remainder when 60 is divided by 15*((-44)/10 + d).
6
Suppose 4*h = 649 - 569. What is the remainder when h is divided by 28/(15/3 + -3)?
6
Let l = -119 - -126. What is the remainder when 20 is divided by l?
6
Suppose -3*k - 3*a = -678, -k + 2*a - 674 = -4*k. Let p = k + -120. Suppose 5*c + 15 = 0, -p = -5*v + v - 2*c. Calculate the remainder when 79 is divided by v.
25
Let w(g) = 7*g**2 + 9*g + 19. Calculate the remainder when 218 is divided by w(-3).
53
Let v(d) = d - 12. Suppose 3*z + 4*m - 33 + 3 = 0, -m = -z + 3. Let p be v(z). What is the remainder when 22 is divided by -2 + 8/p*-6?
4
Suppose j = 2*k - 26, 4*k + 200 = -5*j - 0*j. Let o be j/198 - 92/(-22). What is the remainder when 6 is divided by (3/6)/(o/32)?
2
Let j(c) = -c**3 - 29*c**2 + 32*c + 79. Calculate the remainder when 199 is divided by j(-30).
9
Let m(y) = 31*y - 17. Let r be m(-6). What is the remainder when (-1)/2 - r/14 - 3 is divided by 4?
3
Let o = 518 + -89. What is the remainder when o is divided by 6?
3
Suppose 26*w - w = 11500. Calculate the remainder when w is divided by 66.
64
Let l = 102 - 17. Calculate the remainder when l is divided by 37.
11
Suppose -2*f - 22 = -m, 5*m - 3*m - 2*f - 46 = 0. Let n = m - 11. Let a(h) = 7*h - 35. Calculate the remainder when n is divided by a(6).
6
Suppose -u + 2*p = 0, 0 = 5*u - 4*p + 2 - 32. What is the remainder when 638 is divided by u?
8
Let n be ((-32)/(-6))/((-2)/(-3)). Let l be ((-12)/(-8))/((-6)/n). What is the remainder when -2 + (0 + l - -55) is divided by 13?
12
Let w be (27/12)/(30/(-80)). Calculate the remainder when (24/w - -59) + 2 is divided by 13.
5
Let w(c) = 35*c - 1. What is the remainder when w(3) is divided by 34?
2
Let w be (-35)/1*4/10. Let v = 20 + w. Suppose 0 = -o + 3*h + 36, 0*h = -3*h - 15. Calculate the remainder when o is divided by v.
3
Suppose 0 = 3*i + 2*i, 4*i = 2*l - 28. Calculate the remainder when 471/9 + 15/9 is divided by l.
12
Let q(f) = -f**3 - 9*f**2 - f - 6. Let b be q(-9). Suppose 5*j - 5*a - 35 = 0, -b*j = j + 3*a. Let t = 9 + -6. What is the remainder when j is divided by t?
0
Let h = 171 - 268. Let d = h - -164. What is the remainder when d is divided by 17?
16
Suppose 10*n + 41*n - 102 = 0. What is the remainder when 69 is divided by n?
1
Suppose 2*b = 3*